 149
List the prime factors of 1027.
13, 79
What are the prime factors of 10444?
2, 7, 373
List the prime factors of 697.
17, 41
What are the prime factors of 6124?
2, 1531
What are the prime factors of 10046?
2, 5023
What are the prime factors of 15584?
2, 487
List the prime factors of 1113.
3, 7, 53
List the prime factors of 11442.
2, 3, 1907
List the prime factors of 6094.
2, 11, 277
What are the prime factors of 2042?
2, 1021
What are the prime factors of 27083?
7, 53, 73
What are the prime factors of 4012?
2, 17, 59
What are the prime factors of 110092?
2, 17, 1619
What are the prime factors of 2064?
2, 3, 43
What are the prime factors of 2196?
2, 3, 61
List the prime factors of 186.
2, 3, 31
What are the prime factors of 29207?
29207
What are the prime factors of 24275?
5, 971
List the prime factors of 638.
2, 11, 29
List the prime factors of 506.
2, 11, 23
What are the prime factors of 4953?
3, 13, 127
List the prime factors of 1239.
3, 7, 59
What are the prime factors of 40950?
2, 3, 5, 7, 13
What are the prime factors of 739?
739
What are the prime factors of 51570?
2, 3, 5, 191
List the prime factors of 29968.
2, 1873
What are the prime factors of 25215?
3, 5, 41
List the prime factors of 2639.
7, 13, 29
List the prime factors of 997.
997
List the prime factors of 26813.
26813
List the prime factors of 4358.
2, 2179
List the prime factors of 1478.
2, 739
List the prime factors of 3153.
3, 1051
What are the prime factors of 5903?
5903
What are the prime factors of 654?
2, 3, 109
List the prime factors of 25036.
2, 11, 569
List the prime factors of 23570.
2, 5, 2357
List the prime factors of 17799.
3, 17, 349
List the prime factors of 11249.
7, 1607
List the prime factors of 13533.
3, 13, 347
What are the prime factors of 38903?
38903
List the prime factors of 1592.
2, 199
What are the prime factors of 1343?
17, 79
List the prime factors of 38217.
3, 12739
List the prime factors of 37493.
37493
List the prime factors of 358.
2, 179
List the prime factors of 41507.
41507
List the prime factors of 4213.
11, 383
What are the prime factors of 81531?
3, 9059
What are the prime factors of 4929?
3, 31, 53
List the prime factors of 675.
3, 5
List the prime factors of 8582.
2, 7, 613
List the prime factors of 3722.
2, 1861
What are the prime factors of 392?
2, 7
What are the prime factors of 30614?
2, 15307
List the prime factors of 2316.
2, 3, 193
What are the prime factors of 797?
797
List the prime factors of 39809.
7, 11, 47
List the prime factors of 6086.
2, 17, 179
What are the prime factors of 3497?
13, 269
What are the prime factors of 764?
2, 191
What are the prime factors of 260?
2, 5, 13
List the prime factors of 740.
2, 5, 37
What are the prime factors of 420?
2, 3, 5, 7
What are the prime factors of 7251?
3, 2417
List the prime factors of 3071.
37, 83
List the prime factors of 37235.
5, 11, 677
List the prime factors of 1090.
2, 5, 109
List the prime factors of 3722.
2, 1861
What are the prime factors of 71698?
2, 11, 3259
What are the prime factors of 160617?
3, 37, 1447
What are the prime factors of 278?
2, 139
What are the prime factors of 89293?
89293
List the prime factors of 74.
2, 37
What are the prime factors of 46706?
2, 11, 193
What are the prime factors of 1048?
2, 131
List the prime factors of 46614.
2, 3, 17, 457
What are the prime factors of 12218?
2, 41, 149
List the prime factors of 2090.
2, 5, 11, 19
What are the prime factors of 663?
3, 13, 17
List the prime factors of 29345.
5, 5869
What are the prime factors of 521?
521
What are the prime factors of 881?
881
What are the prime factors of 2954?
2, 7, 211
List the prime factors of 64126.
2, 32063
What are the prime factors of 27670?
2, 5, 2767
List the prime factors of 19671.
3, 79, 83
List the prime factors of 7146.
2, 3, 397
What are the prime factors of 28364?
2, 7, 1013
List the prime factors of 7055.
5, 17, 83
What are the prime factors of 2732?
2, 683
List the prime factors of 7880.
2, 5, 197
What are the prime factors of 1385?
5, 277
List the prime factors of 94235.
5, 47, 401
What are the prime factors of 5115?
3, 5, 11, 31
What are the prime factors of 7392?
2, 3, 7, 11
What are the prime factors of 14034?
2, 3, 2339
What are the prime factors of 6686?
2, 3343
What are the prime factors of 1548?
2, 3, 43
What are the prime factors of 12772?
2, 31, 103
What are the prime factors of 9894?
2, 3, 17, 97
What are the prime factors of 44613?
3, 4957
What are the prime factors of 454?
2, 227
What are the prime factors of 1611?
3, 179
List the prime factors of 827.
827
What are the prime factors of 3989?
3989
List the prime factors of 472.
2, 59
List the prime factors of 8494.
2, 31, 137
What are the prime factors of 48876?
2, 3, 4073
What are the prime factors of 61854?
2, 3, 13, 61
List the prime factors of 1158.
2, 3, 193
What are the prime factors of 1312?
2, 41
List the prime factors of 9520.
2, 5, 7, 17
List the prime factors of 35933.
35933
List the prime factors of 4565.
5, 11, 83
List the prime factors of 3632.
2, 227
What are the prime factors of 1321?
1321
List the prime factors of 12017.
61, 197
List the prime factors of 22910.
2, 5, 29, 79
What are the prime factors of 61367?
109, 563
List the prime factors of 41299.
41299
What are the prime factors of 612?
2, 3, 17
What are the prime factors of 1823?
1823
What are the prime factors of 990?
2, 3, 5, 11
List the prime factors of 971.
971
What are the prime factors of 2668?
2, 23, 29
List the prime factors of 2022.
2, 3, 337
List the prime factors of 103953.
3, 34651
What are the prime factors of 10747?
11, 977
List the prime factors of 3670.
2, 5, 367
What are the prime factors of 21052?
2, 19, 277
List the prime factors of 20030.
2, 5, 2003
What are the prime factors of 9603?
3, 11, 97
List the prime factors of 686.
2, 7
What are the prime factors of 64958?
2, 32479
List the prime factors of 21962.
2, 79, 139
List the prime factors of 83471.
83471
What are the prime factors of 16240?
2, 5, 7, 29
List the prime factors of 5469.
3, 1823
List the prime factors of 27910.
2, 5, 2791
What are the prime factors of 26409?
3, 8803
What are the prime factors of 3671?
3671
What are the prime factors of 1168?
2, 73
List the prime factors of 2299.
11, 19
What are the prime factors of 2262?
2, 3, 13, 29
What are the prime factors of 97448?
2, 13, 937
What are the prime factors of 1316?
2, 7, 47
List the prime factors of 3894.
2, 3, 11, 59
What are the prime factors of 663?
3, 13, 17
What are the prime factors of 15344?
2, 7, 137
List the prime factors of 1861.
1861
What are the prime factors of 674?
2, 337
List the prime factors of 45592.
2, 41, 139
List the prime factors of 11471.
11471
List the prime factors of 365.
5, 73
List the prime factors of 2134.
2, 11, 97
List the prime factors of 4259.
4259
What are the prime factors of 1530?
2, 3, 5, 17
List the prime factors of 2734.
2, 1367
What are the prime factors of 3879?
3, 431
What are the prime factors of 2349?
3, 29
List the prime factors of 55042.
2, 13, 29, 73
What are the prime factors of 9577?
61, 157
List the prime factors of 279.
3, 31
What are the prime factors of 17021?
17021
What are the prime factors of 2142?
2, 3, 7, 17
What are the prime factors of 8991?
3, 37
List the prime factors of 9031.
11, 821
List the prime factors of 13353.
3, 4451
List the prime factors of 4827.
3, 1609
List the prime factors of 27111.
3, 7, 1291
List the prime factors of 22928.
2, 1433
What are the prime factors of 1215?
3, 5
List the prime factors of 1704.
2, 3, 71
List the prime factors of 5911.
23, 257
List the prime factors of 6447.
3, 7, 307
List the prime factors of 116.
2, 29
List the prime factors of 16288.
2, 509
List the prime factors of 68484.
2, 3, 13, 439
What are the prime factors of 3638?
2, 17, 107
What are the prime factors of 13280?
2, 5, 83
What are the prime factors of 1518?
2, 3, 11, 23
List the prime factors of 1108.
2, 277
List the prime factors of 22804.
2, 5701
List the prime factors of 2395.
5, 479
What are the prime factors of 6338?
2, 3169
List the prime factors of 22786.
2, 11393
List the prime factors of 632.
2, 79
List the prime factors of 57315.
3, 5, 3821
What are the prime factors of 871?
13, 67
What are the prime factors of 96793?
